89 and 6446?
3223
What is the greatest common divisor of 16480 and 44255392?
3296
Calculate the highest common divisor of 2193140 and 184440.
1060
What is the greatest common divisor of 20667 and 77903136?
249
Calculate the highest common divisor of 20088 and 43316424.
6696
What is the highest common divisor of 545 and 42008600?
545
What is the greatest common divisor of 134325 and 9344045?
995
Calculate the greatest common factor of 7535856 and 8000.
16
Calculate the highest common factor of 20 and 175350120.
20
What is the greatest common divisor of 1123875 and 166375?
125
What is the greatest common divisor of 71 and 536831?
71
Calculate the greatest common divisor of 586 and 123353.
293
Calculate the highest common factor of 33498300 and 2310.
330
What is the greatest common divisor of 24563 and 3256033?
319
Calculate the highest common divisor of 7293 and 36316709.
2431
What is the highest common divisor of 12811032 and 1404?
468
Calculate the greatest common divisor of 209 and 219263.
11
Calculate the greatest common factor of 767030 and 5225.
1045
Calculate the highest common divisor of 22719752 and 9724.
748
What is the greatest common factor of 7835155 and 5?
5
What is the greatest common divisor of 15 and 1357615965?
15
What is the highest common factor of 4379085 and 1380?
345
What is the greatest common divisor of 3409 and 8559025?
487
What is the highest common divisor of 1151610 and 20?
10
What is the highest common divisor of 12932591 and 14?
7
Calculate the highest common divisor of 117613 and 52001.
349
Calculate the highest common factor of 1001 and 134225.
91
What is the greatest common factor of 215 and 2502084?
43
What is the highest common factor of 10 and 51935618?
2
Calculate the highest common factor of 173311743 and 3734.
1867
What is the greatest common divisor of 396970 and 1150100?
3710
What is the greatest common divisor of 384 and 7090392?
24
What is the highest common factor of 8510 and 1400470?
230
What is the highest common divisor of 479612040 and 20?
20
Calculate the greatest common divisor of 964252 and 6021.
223
What is the greatest common divisor of 4468846 and 404?
202
Calculate the greatest common divisor of 14425809 and 8364.
2091
Calculate the greatest common factor of 109500 and 1908500.
500
What is the highest common factor of 1199 and 3488?
109
What is the greatest common divisor of 15 and 147752005?
5
What is the highest common divisor of 406882944 and 39996?
3636
What is the greatest common factor of 473 and 1056341?
11
Calculate the greatest common divisor of 2720 and 488835.
85
What is the highest common factor of 89630714 and 4499?
409
Calculate the highest common factor of 574749 and 70274469.
9123
What is the greatest common factor of 31824213 and 95427?
1383
What is the highest common factor of 41 and 70252885?
41
Calculate the greatest common factor of 1978592 and 2992.
176
What is the greatest common divisor of 190 and 495527714?
38
Calculate the greatest common factor of 169361222 and 4.
2
What is the greatest common factor of 25451907 and 1326?
663
Calculate the highest common divisor of 3717797 and 47971.
89
What is the highest common divisor of 4856755 and 9585?
355
What is the greatest common factor of 46163 and 296959?
689
Calculate the highest common divisor of 16720 and 1060048.
3344
Calculate the highest common factor of 640 and 1167160.
40
Calculate the greatest common divisor of 56469 and 10017.
21
What is the greatest common factor of 1184561222 and 676?
338
Calculate the greatest common factor of 1668 and 73142912.
556
Calculate the greatest common factor of 370997 and 287419.
319
Calculate the highest common factor of 253128 and 135256.
424
Calculate the greatest common divisor of 8404443 and 153.
153
What is the highest common factor of 11989800 and 5400?
1800
Calculate the highest common factor of 17195 and 76760.
95
What is the highest common factor of 113512144 and 9756?
1084
What is the greatest common factor of 807 and 28191?
3
Calculate the highest common divisor of 13225 and 5725.
25
What is the greatest common divisor of 526234 and 21779?
29
What is the greatest common factor of 3120 and 57753280?
1040
What is the greatest common factor of 60 and 40443135?
15
What is the greatest common factor of 5895 and 825855?
15
What is the greatest common factor of 869607 and 19044?
207
Calculate the greatest common divisor of 510 and 70142.
34
What is the highest common factor of 418375 and 29125?
125
Calculate the greatest common factor of 4 and 131107588.
4
Calculate the greatest common divisor of 1837160 and 117715.
65
Calculate the greatest common divisor of 893808 and 27184.
16
Calculate the highest common factor of 13 and 179232274.
13
Calculate the greatest common divisor of 51104 and 1472.
32
Calculate the greatest common divisor of 62 and 7506619.
31
Calculate the greatest common factor of 706 and 23651.
353
Calculate the greatest common factor of 2567640 and 100.
20
Calculate the greatest common divisor of 462753 and 1963499.
197
What is the highest common divisor of 262 and 16518838?
262
What is the greatest common factor of 4378 and 3518?
2
What is the greatest common divisor of 11006985 and 216315?
3135
What is the greatest common divisor of 358494 and 28070?
802
Calculate the highest common divisor of 16 and 11066936.
8
What is the greatest common divisor of 275693 and 104841?
3883
What is the highest common factor of 349013 and 231921?
73
What is the highest common factor of 2756887 and 371?
7
What is the highest common divisor of 89 and 23966009?
89
Calculate the highest common divisor of 23482590 and 5310.
1770
What is the highest common divisor of 140 and 23017960?
140
What is the greatest common divisor of 20 and 219693230?
10
Calculate the greatest common factor of 44 and 6904932.
4
What is the greatest common divisor of 2768059 and 476?
119
What is the highest common factor of 576 and 232182?
18
What is the highest common divisor of 195242 and 566866?
82
What is the greatest common factor of 15109061 and 814?
407
What is the greatest common factor of 7839590 and 4774?
682
Calculate the highest common factor of 113916 and 906.
6
What is the highest common divisor of 2328807 and 39?
39
Calculate the highest common factor of 57448404 and 18.
18
What is the greatest common factor of 8286635 and 88655?
5215
What is the highest common factor of 2552745 and 707655?
3705
What is the greatest common factor of 3866550 and 49170?
4470
Calculate the highest common divisor of 912 and 6195216.
912
What is the highest common divisor of 2936924 and 58947?
401
Calculate the highest common factor of 191844 and 846.
18
What is the greatest common divisor of 27 and 2389563?
9
Calculate the highest common factor of 32279328 and 9120.
1824
Calculate the greatest common divisor of 1781032 and 8288.
296
What is the highest common factor of 614211 and 74295?
39
Calculate the greatest common divisor of 45 and 9210015.
45
Calculate the highest common divisor of 26832000 and 152220.
2580
Calculate the highest common factor of 10 and 313465.
5
What is the highest common divisor of 12210 and 51803034?
222
What is the greatest common divisor of 2189752 and 136?
8
Calculate the greatest common divisor of 5378 and 1195610070.
5378
What is the greatest common factor of 5818362 and 29850?
1194
Calculate the highest common divisor of 16755 and 6945.
15
Calculate the highest common factor of 627 and 16629261.
33
What is the highest common factor of 1 and 4121231?
1
What is the greatest common divisor of 251937723 and 3?
3
What is the greatest common factor of 20 and 479261980?
20
Calculate the greatest common factor of 12458433 and 208104.
897
Calculate the greatest common factor of 484 and 4826525.
11
Calculate the highest common factor of 619 and 145031081.
619
Calculate the greatest common factor of 476 and 699482.
238
What is the greatest common factor of 2016 and 1498476?
84
What is the highest common divisor of 481782 and 6510?
42
Calculate the greatest common factor of 51120 and 90990.
90
Calculate the greatest common factor of 445625 and 25599.
23
What is the greatest common factor of 1695 and 94432970?
565
Calculate the greatest common factor of 1715 and 3413130.
35
What is the 